**2 + 6*i - 33. What is a(-9)?
-6
Let u(o) = -73*o - 79. Calculate u(-1).
-6
Let d(w) = -3*w + 43. Give d(14).
1
Let b(r) = -2*r**3 + 5*r**2 + 74*r + 8. Calculate b(-5).
13
Let b(v) = -7*v**2 + 5*v - 5. Calculate b(4).
-97
Let o(f) = f**3 - 8*f**2 - 31*f + 102. Calculate o(10).
-8
Let i(y) = -7*y + 13. Calculate i(-9).
76
Let q(o) = o**2 - 9*o - 14. What is q(10)?
-4
Let a(u) = -26*u**2 - 5*u - 4. Give a(-2).
-98
Let t(s) = 14*s**2 - s - 1. Calculate t(-1).
14
Let t(j) = -j**2 + 5*j - 18. Determine t(0).
-18
Let b(y) = 6*y + 190. Determine b(-32).
-2
Let r(p) = -p**3 - 15*p**2 - 16*p - 27. Calculate r(-14).
1
Let o(a) = -9*a - 25. Give o(-3).
2
Let r(y) = y**3 + 9*y**2 - 12*y - 14. Give r(-10).
6
Let g(c) = -c**2 + 2*c - 3. Determine g(-5).
-38
Let b(u) = 4*u**2 - 182*u + 60. Calculate b(45).
-30
Let q(y) = -y**2 - 5*y + 8. Calculate q(-7).
-6
Let w(r) = -2*r**3 - 82*r**2 + 4*r + 159. Calculate w(-41).
-5
Let o(v) = -2*v**2 + 35*v + 22. Calculate o(18).
4
Let m(c) = c**2 + 4*c + 4. What is m(4)?
36
Let v(w) = -w**2 - 15*w + 5. Determine v(-16).
-11
Let v(r) = -7*r**3 + r - 1. Calculate v(-2).
53
Let p(w) = -w**2 + 31*w - 107. Determine p(27).
1
Let q(l) = -l**3 + 2*l**2 + 30*l + 8. What is q(7)?
-27
Let t(w) = w**2 - 10*w + 7. What is t(7)?
-14
Let g(r) = -r**3 + 9*r**2 - 5*r - 6. Calculate g(9).
-51
Let r(d) = -3*d - 78. Determine r(-19).
-21
Let t(w) = -w**2 + 7*w - 56. Calculate t(6).
-50
Let k(w) = 7*w**2 - 9*w - 10. Give k(-1).
6
Let n(o) = -13*o - 12. Calculate n(-9).
105
Let h(d) = -d + 68. Determine h(77).
-9
Let m(v) = v**3 - 4*v**2 - 140*v + 7. Calculate m(14).
7
Let i(p) = -p**2 + 12*p + 32. Give i(13).
19
Let i(v) = v**2 - 32*v + 186. What is i(8)?
-6
Let x(p) = 3*p**2 + p - 1. Calculate x(-2).
9
Let n(z) = -30*z**2 - 1. What is n(1)?
-31
Let x(o) = o**3 + 6*o**2 - o - 8. Determine x(-6).
-2
Let k(m) = 4*m**2 + 13*m + 31. What is k(-7)?
136
Let a(l) = l**3 + l**2 + 45. Give a(0).
45
Let x(d) = d**3 - 15*d**2 + 36*d - 136. What is x(13)?
-6
Let y(h) = -h - 10. Determine y(-5).
-5
Let g(t) = -5*t**2. Calculate g(1).
-5
Let d(v) = -v + 23. Give d(16).
7
Let s(g) = -g**3 - 10*g**2 - g - 13. What is s(-10)?
-3
Let v(k) = -6*k - 6. Determine v(-1).
0
Let y(f) = f**3 - 21*f**2 + f - 29. Give y(21).
-8
Let x(h) = h**3 + 31*h**2 + 2*h + 42. Give x(-31).
-20
Let b(o) = -2*o**2 + 13*o - 4. What is b(6)?
2
Let s(r) = -r**3 + 22*r**2 - 55*r - 5. Give s(19).
33
Let q(b) = -b - 8. Give q(2).
-10
Let m(h) = -5*h - 35. Calculate m(-9).
10
Let s(v) = -v**3 - 2*v - 3. Give s(-2).
9
Let p(o) = o**2 - 39*o + 15. Calculate p(39).
15
Let m(u) = u**3 + 11*u**2 - 2. What is m(-11)?
-2
Let u(o) = -o**3 + 6*o**2 - 6*o + 5. Calculate u(5).
0
Let l(c) = c**3 - 7*c**2 + 7*c + 6. Calculate l(6).
12
Let m(o) = 4*o + 9. What is m(-4)?
-7
Let r(t) = 22*t**2 + 2*t. What is r(-2)?
84
Let o(m) = m - 10. Calculate o(8).
-2
Let j(k) = -4*k - 17. Calculate j(-6).
7
Let y(q) = -q**3 - q**2 + 2*q + 16. Give y(0).
16
Let h(t) = -t**3 - 8*t**2 + 16*t + 54. Calculate h(-9).
-9
Let f(g) = g**3 + 3*g**2 - 7*g - 9. Determine f(-4).
3
Let f(r) = -r**3 + 2. What is f(2)?
-6
Let u(r) = 11*r**2 - 3*r - 2. Determine u(-1).
12
Let b(r) = r**3 + 15*r**2 - 33*r + 10. What is b(-17)?
-7
Let c(x) = x**2 - 19*x - 135. Give c(24).
-15
Let m(y) = -y**2 - y. Determine m(-4).
-12
Let k(a) = 21*a - 100. Give k(5).
5
Let u(h) = -10*h - 126. What is u(-13)?
4
Let g(o) = -2*o + 17. Determine g(7).
3
Let g(l) = -l**3 + 15*l**2 + 16*l + 9. What is g(16)?
9
Let d(j) = -2*j**2 - 67*j - 19. Determine d(-33).
14
Let h(b) = b**2 - 16*b - 11. What is h(12)?
-59
Let y(t) = -t**3 - 5*t**2 + 4*t. What is y(-5)?
-20
Let d(b) = -b**2 - 8*b + 58. Calculate d(-13).
-7
Let h(v) = -v**2 + 18*v - 5. Calculate h(4).
51
Let q(r) = r**2 + 22*r + 83. What is q(-17)?
-2
Let p(l) = -8*l - 259. Determine p(-31).
-11
Let i(r) = 21*r + 188. Calculate i(-9).
-1
Let f(z) = z**3 - 3*z**2 - 4*z - 6. Determine f(5).
24
Let y(g) = -2*g - 6. Give y(-8).
10
Let k(y) = y**2 - 7*y - 11. What is k(8)?
-3
Let c(z) = 3*z + 15. Give c(-8).
-9
Let k(s) = s**2 + 14*s + 40. Calculate k(-19).
135
Let p(m) = -2*m**2 + 5*m - 7. Determine p(2).
-5
Let q(x) = 12*x**3 + 4*x**2 + x - 1. Give q(2).
113
Let j(x) = -x + 11. Determine j(-10).
21
Let v(q) = 4*q**2 + 10*q - 1. Give v(-3).
5
Let c(q) = q**2 - 10*q + 4. Determine c(14).
60
Let h(s) = 2*s**3 + 11*s**2 - 8*s - 16. Calculate h(-6).
-4
Let r(u) = u**2 + 23*u + 109. What is r(-6)?
7
Let m(b) = b + 6. What is m(17)?
23
Let i(n) = 5*n - 5. What is i(6)?
25
Let w(j) = j**3 + 5*j**2 - 8*j - 4. Give w(-5).
36
Let f(c) = c**3 - 10*c**2 + 15*c + 12. Give f(8).
4
Let z(u) = u**3 + 7*u**2 + 2*u - 4. Determine z(-5).
36
Let l(u) = -31*u**2 + 4*u - 3. Calculate l(1).
-30
Let i(b) = b**3 + 5*b**2 - 6*b + 2. Give i(-6).
2
Let w(n) = n**3 + n**2 - 21*n - 7. Give w(-5).
-2
Let s(g) = g**3 - 11*g**2 - 11*g + 5. Calculate s(12).
17
Let j(q) = -4*q + 59. Give j(14).
3
Let b(f) = -9*f + 47. Calculate b(11).
-52
Let a(y) = -y**3 - 9*y**2 - 7*y + 3. Give a(-9).
66
Let p(s) = -2*s**3 + s**2 + 2*s + 1. Calculate p(2).
-7
Let k(w) = -w**2 + 8*w - 5. Determine k(8).
-5
Let u(i) = i**3 - 2*i**2 + 2*i. Calculate u(4).
40
Let b(p) = 7*p + 26. Calculate b(-3).
5
Let o(z) = 2*z + 4. Give o(-7).
-10
Let l(a) = 36*a + 6. Calculate l(-1).
-30
Let w(t) = 4*t**3 + 4*t**2 + 2*t - 4. Determine w(1).
6
Let f(m) = m + 11. Calculate f(-20).
-9
Let a(m) = -m**2 - 6*m + 2. Determine a(-6).
2
Let o(c) = 4*c**2 - 6. Determine o(2).
10
Let k(w) = 2*w - 38. Calculate k(19).
0
Let t(a) = -a**2 + 42*a - 77. Determine t(40).
3
Let h(d) = d**3 - 18*d**2 + 19*d - 33. What is h(17)?
1
Let x(c) = c**3 + 37*c**2 + 70*c - 45. Give x(-35).
-45
Let l(g) = g**3 + 12*g**2 + 17*g - 7. What is l(-9)?
83
Let b(c) = 7*c + 30. Calculate b(-5).
-5
Let q(f) = f**2 - 6*f - 11. Calculate q(8).
5
Let x(w) = -w**3 + 8*w**2 - 19*w + 6. Give x(5).
-14
Let g(x) = 9*x - 75. Calculate g(9).
6
Let j(g) = g**3 - 2*g**2 - 9*g + 2. What is j(4)?
-2
Let v(n) = n**3 - 27*n**2 - 21*n - 202. Calculate v(28).
-6
Let l(w) = w**3 - 4*w**2 - 13*w. Calculate l(6).
-6
Let q(l) = -3*l + 1. Calculate q(-5).
16
Let i(x) = x**2 - 16*x + 84. Give i(5).
29
Let a(d) = d**3 - 11*d**2 + 13*d - 17. Give a(10).
13
Let r(z) = -z**3 + 9*z**2 + 11*z + 22. What is r(10)?
32
Let d(f) = -6*f + 5. What is d(2)?
-7
Let z(t) = t**2 + 2*t + 22. Give z(0).
22
Let p(z) = 4*z + 31. Calculate p(-9).
-5
Let h(r) = r**3 - 5*r**2 + r - 8. What is h(5)?
-3
Let w(m) = -m**3 + 3*m**2 + 13*m - 20. Give w(5).
-5
Let r(x) = -x**2 - 17*x - 5. Calculate r(-16).
11
Let w(j) = -j**2 + 14*j - 11. Determine w(13).
2
Let r(v) = 2*v**3 - 3*v**2 + 2*v + 2. Give r(2).
10
Let g(w) = 2*w**2 + 62*w + 67. What is g(-28)?
-101
Let g(o) = 4*o - 82. Give g(15).
-22
Let s(r) = -3*r + 2. What is s(2)?
-4
Let w(m) = 3*m**3 + 9*m**2 + 6*m + 14. Determine w(-3).
-4
Let t(y) = -13*y - 10. What is t(3)?
-49
Let m(n) = n**3 + 5*n**2 - 11*n - 8. Calculate m(-6).
22
Let v(c) = -c**3 + 3*c**2 - c. Determine v(2).
2
Let a(r) = r**2 - r + 5. Calculate a(0).
5
Let a(s) = s**3 - 5*s**2 - 3*s. Calculate a(4).
-28
Let v(h) = -h**2 - 14*h + 9. What is v(-14)?
9
Let l(f) = f**3 + 20*f**2 + 23*f + 44. Determine l(-19).
-32
Let w(a) = -12*a + 5. Give w(-5).
65
Let m(i) = 20*i - 56. Give m(3).
4
Let u(d) = -d**3 - 7*d**2 + 7*d - 6. Determine u(-8).
2
Let z(j) = -j**3 + 10*j**2 + 3*j - 3. Give z(10).
27
Let j(b) = 3*b + 67. Calculate j(-23).
-2
Let i(n) = 2*n. Give i(-2).
-4
Let b(d) = d**3 + 12*d**2 + 20*d - 6. What is b(-10)?
-6
Let v(r) = -12*r + 37. What is v(-9)?
145
Let d(h) = -h**3 + 2*h**2 - h - 38. Give d(0).
-38
Let o(n) = n**3 + 5*n**2 + 4*n + 32. What is o(-6)?
-28
Let v(f) = -f**3 + 11*f**2 - 12*f + 20. Give v(10).
0
Let f(c) = c**2 + 5*c - 31. Give f(-9).
5
Let x(u) = -5*u - 1. What is x(-4)?
19
Let h(k) = 7*k + 318. Give h(-47).
-11
Let a(t) = t**3 - 8*t**2 - 12*t + 9. Give a(8).
-87
Let t(l) = 6*l + 28. Give t(-7).
-14
Let a(z) = -3*z + 6. Determine a(-8).
30
Let f(i) = 6*i - 121. What is f(20)?
-1
Let f(r) = 2*r**3 + r**2 - 2*r - 2. Calculate f(2).
14
Let r(m) = -m**3 + 4*m**2 - m - 1. Determine r(2).
5
Let v(t) = 6*t**3 + 3*t - 2. Give v(1).
7
Let z(c) = c - 24. Give z(13).
-11
Let d(u) = -u**2 + 30. Calculate d(0).
30
Let t(o) = 